{"id":1220,"date":"2024-07-16T18:58:54","date_gmt":"2024-07-16T16:58:54","guid":{"rendered":"https:\/\/domainedetroubat.fr\/?post_type=product&#038;p=1220"},"modified":"2024-07-16T19:35:11","modified_gmt":"2024-07-16T17:35:11","slug":"prestige-de-troubat-blanc-barrique","status":"publish","type":"product","link":"https:\/\/domainedetroubat.fr\/index.php\/produit\/prestige-de-troubat-blanc-barrique\/","title":{"rendered":"Prestige de Troubat &#8211; Blanc Barrique"},"content":{"rendered":"<p><strong>Le Prestige de Troubat &#8211; Blanc Barrique<\/strong> se distingue par ses ar\u00f4mes d\u00e9licats de bois et de vanille, accompagn\u00e9s de notes de zeste de citron, de fleur d&rsquo;acacia et de p\u00eache blanche. En bouche, il offre une belle sucrosit\u00e9 en attaque, une structure charnue et croquante avec des ar\u00f4mes de fruits blancs et des notes de miel. La finale, \u00e9l\u00e9gante et l\u00e9g\u00e8rement acidul\u00e9e, apporte une touche de fra\u00eecheur et une longue persistance aromatique. Servi l\u00e9g\u00e8rement frais, ce vin se marie parfaitement avec des poissons, des volailles et des plats l\u00e9g\u00e8rement \u00e9pic\u00e9s. Le Prestige de Troubat &#8211; Blanc Barrique propose une exp\u00e9rience de d\u00e9gustation sophistiqu\u00e9e, alliant complexit\u00e9 et \u00e9l\u00e9gance.<\/p>\n","protected":false},"excerpt":{"rendered":"<p><strong>Le Prestige de Troubat &#8211; Blanc Barrique<\/strong>, avec ses notes bois\u00e9es et vanill\u00e9es, offre une belle structure et une longue persistance aromatique. Id\u00e9al avec poissons, volailles et plats l\u00e9g\u00e8rement \u00e9pic\u00e9s.<\/p>\n","protected":false},"featured_media":1222,"comment_status":"open","ping_status":"closed","template":"","meta":{"_acf_changed":false},"product_brand":[],"product_cat":[28,46,39,38],"product_tag":[],"class_list":{"0":"post-1220","1":"product","2":"type-product","3":"status-publish","4":"has-post-thumbnail","6":"product_cat-nos-vins","7":"product_cat-prestige","8":"product_cat-vin","9":"product_cat-vin-blanc","11":"first","12":"instock","13":"shipping-taxable","14":"purchasable","15":"product-type-simple"},"acf":[],"yoast_head":"<!-- This site is optimized with the Yoast SEO plugin v25.2 - https:\/\/yoast.com\/wordpress\/plugins\/seo\/ -->\n<title>Prestige de Troubat - Blanc Barrique - Domaine de Troubat<\/title>\n<meta name=\"robots\" content=\"index, follow, max-snippet:-1, max-image-preview:large, max-video-preview:-1\" \/>\n<link rel=\"canonical\" href=\"https:\/\/domainedetroubat.fr\/index.php\/produit\/prestige-de-troubat-blanc-barrique\/\" \/>\n<meta property=\"og:locale\" content=\"fr_FR\" \/>\n<meta property=\"og:type\" content=\"article\" \/>\n<meta property=\"og:title\" content=\"Prestige de Troubat - Blanc Barrique - Domaine de Troubat\" \/>\n<meta property=\"og:description\" content=\"Le Prestige de Troubat - Blanc Barrique, avec ses notes bois\u00e9es et vanill\u00e9es, offre une belle structure et une longue persistance aromatique. Id\u00e9al avec poissons, volailles et plats l\u00e9g\u00e8rement \u00e9pic\u00e9s.\" \/>\n<meta property=\"og:url\" content=\"https:\/\/domainedetroubat.fr\/index.php\/produit\/prestige-de-troubat-blanc-barrique\/\" \/>\n<meta property=\"og:site_name\" content=\"Domaine de Troubat\" \/>\n<meta property=\"article:modified_time\" content=\"2024-07-16T17:35:11+00:00\" \/>\n<meta property=\"og:image\" content=\"https:\/\/domainedetroubat.fr\/wp-content\/uploads\/2024\/07\/Prestige-Blanc-Troubat.png\" \/>\n\t<meta property=\"og:image:width\" content=\"660\" \/>\n\t<meta property=\"og:image:height\" content=\"660\" \/>\n\t<meta property=\"og:image:type\" content=\"image\/png\" \/>\n<meta name=\"twitter:card\" content=\"summary_large_image\" \/>\n<meta name=\"twitter:label1\" content=\"Dur\u00e9e de lecture estim\u00e9e\" \/>\n\t<meta name=\"twitter:data1\" content=\"1 minute\" \/>\n<script type=\"application\/ld+json\" class=\"yoast-schema-graph\">{\"@context\":\"https:\/\/schema.org\",\"@graph\":[{\"@type\":\"WebPage\",\"@id\":\"https:\/\/domainedetroubat.fr\/index.php\/produit\/prestige-de-troubat-blanc-barrique\/\",\"url\":\"https:\/\/domainedetroubat.fr\/index.php\/produit\/prestige-de-troubat-blanc-barrique\/\",\"name\":\"Prestige de Troubat - Blanc Barrique - Domaine de Troubat\",\"isPartOf\":{\"@id\":\"https:\/\/domainedetroubat.fr\/#website\"},\"primaryImageOfPage\":{\"@id\":\"https:\/\/domainedetroubat.fr\/index.php\/produit\/prestige-de-troubat-blanc-barrique\/#primaryimage\"},\"image\":{\"@id\":\"https:\/\/domainedetroubat.fr\/index.php\/produit\/prestige-de-troubat-blanc-barrique\/#primaryimage\"},\"thumbnailUrl\":\"https:\/\/domainedetroubat.fr\/wp-content\/uploads\/2024\/07\/Prestige-Blanc-Troubat.png\",\"datePublished\":\"2024-07-16T16:58:54+00:00\",\"dateModified\":\"2024-07-16T17:35:11+00:00\",\"breadcrumb\":{\"@id\":\"https:\/\/domainedetroubat.fr\/index.php\/produit\/prestige-de-troubat-blanc-barrique\/#breadcrumb\"},\"inLanguage\":\"fr-FR\",\"potentialAction\":[{\"@type\":\"ReadAction\",\"target\":[\"https:\/\/domainedetroubat.fr\/index.php\/produit\/prestige-de-troubat-blanc-barrique\/\"]}]},{\"@type\":\"ImageObject\",\"inLanguage\":\"fr-FR\",\"@id\":\"https:\/\/domainedetroubat.fr\/index.php\/produit\/prestige-de-troubat-blanc-barrique\/#primaryimage\",\"url\":\"https:\/\/domainedetroubat.fr\/wp-content\/uploads\/2024\/07\/Prestige-Blanc-Troubat.png\",\"contentUrl\":\"https:\/\/domainedetroubat.fr\/wp-content\/uploads\/2024\/07\/Prestige-Blanc-Troubat.png\",\"width\":660,\"height\":660,\"caption\":\"Prestige Blanc Troubat\"},{\"@type\":\"BreadcrumbList\",\"@id\":\"https:\/\/domainedetroubat.fr\/index.php\/produit\/prestige-de-troubat-blanc-barrique\/#breadcrumb\",\"itemListElement\":[{\"@type\":\"ListItem\",\"position\":1,\"name\":\"Accueil\",\"item\":\"https:\/\/domainedetroubat.fr\/\"},{\"@type\":\"ListItem\",\"position\":2,\"name\":\"Boutique\",\"item\":\"https:\/\/domainedetroubat.fr\/index.php\/boutique\/\"},{\"@type\":\"ListItem\",\"position\":3,\"name\":\"Prestige de Troubat &#8211; Blanc Barrique\"}]},{\"@type\":\"WebSite\",\"@id\":\"https:\/\/domainedetroubat.fr\/#website\",\"url\":\"https:\/\/domainedetroubat.fr\/\",\"name\":\"Domaine de Troubat\",\"description\":\"Bordeaux \/ Entre-Deux-Mers \/ Saint-Emilion\",\"publisher\":{\"@id\":\"https:\/\/domainedetroubat.fr\/#organization\"},\"potentialAction\":[{\"@type\":\"SearchAction\",\"target\":{\"@type\":\"EntryPoint\",\"urlTemplate\":\"https:\/\/domainedetroubat.fr\/?s={search_term_string}\"},\"query-input\":{\"@type\":\"PropertyValueSpecification\",\"valueRequired\":true,\"valueName\":\"search_term_string\"}}],\"inLanguage\":\"fr-FR\"},{\"@type\":\"Organization\",\"@id\":\"https:\/\/domainedetroubat.fr\/#organization\",\"name\":\"Domaine de Troubat\",\"url\":\"https:\/\/domainedetroubat.fr\/\",\"logo\":{\"@type\":\"ImageObject\",\"inLanguage\":\"fr-FR\",\"@id\":\"https:\/\/domainedetroubat.fr\/#\/schema\/logo\/image\/\",\"url\":\"https:\/\/domainedetroubat.fr\/wp-content\/uploads\/2024\/07\/Capture-decran-Avr-6-removebg-preview.png\",\"contentUrl\":\"https:\/\/domainedetroubat.fr\/wp-content\/uploads\/2024\/07\/Capture-decran-Avr-6-removebg-preview.png\",\"width\":280,\"height\":318,\"caption\":\"Domaine de Troubat\"},\"image\":{\"@id\":\"https:\/\/domainedetroubat.fr\/#\/schema\/logo\/image\/\"}}]}<\/script>\n<!-- \/ Yoast SEO plugin. -->","yoast_head_json":{"title":"Prestige de Troubat - Blanc Barrique - Domaine de Troubat","robots":{"index":"index","follow":"follow","max-snippet":"max-snippet:-1","max-image-preview":"max-image-preview:large","max-video-preview":"max-video-preview:-1"},"canonical":"https:\/\/domainedetroubat.fr\/index.php\/produit\/prestige-de-troubat-blanc-barrique\/","og_locale":"fr_FR","og_type":"article","og_title":"Prestige de Troubat - Blanc Barrique - Domaine de Troubat","og_description":"Le Prestige de Troubat - Blanc Barrique, avec ses notes bois\u00e9es et vanill\u00e9es, offre une belle structure et une longue persistance aromatique. Id\u00e9al avec poissons, volailles et plats l\u00e9g\u00e8rement \u00e9pic\u00e9s.","og_url":"https:\/\/domainedetroubat.fr\/index.php\/produit\/prestige-de-troubat-blanc-barrique\/","og_site_name":"Domaine de Troubat","article_modified_time":"2024-07-16T17:35:11+00:00","og_image":[{"width":660,"height":660,"url":"https:\/\/domainedetroubat.fr\/wp-content\/uploads\/2024\/07\/Prestige-Blanc-Troubat.png","type":"image\/png"}],"twitter_card":"summary_large_image","twitter_misc":{"Dur\u00e9e de lecture estim\u00e9e":"1 minute"},"schema":{"@context":"https:\/\/schema.org","@graph":[{"@type":"WebPage","@id":"https:\/\/domainedetroubat.fr\/index.php\/produit\/prestige-de-troubat-blanc-barrique\/","url":"https:\/\/domainedetroubat.fr\/index.php\/produit\/prestige-de-troubat-blanc-barrique\/","name":"Prestige de Troubat - Blanc Barrique - Domaine de Troubat","isPartOf":{"@id":"https:\/\/domainedetroubat.fr\/#website"},"primaryImageOfPage":{"@id":"https:\/\/domainedetroubat.fr\/index.php\/produit\/prestige-de-troubat-blanc-barrique\/#primaryimage"},"image":{"@id":"https:\/\/domainedetroubat.fr\/index.php\/produit\/prestige-de-troubat-blanc-barrique\/#primaryimage"},"thumbnailUrl":"https:\/\/domainedetroubat.fr\/wp-content\/uploads\/2024\/07\/Prestige-Blanc-Troubat.png","datePublished":"2024-07-16T16:58:54+00:00","dateModified":"2024-07-16T17:35:11+00:00","breadcrumb":{"@id":"https:\/\/domainedetroubat.fr\/index.php\/produit\/prestige-de-troubat-blanc-barrique\/#breadcrumb"},"inLanguage":"fr-FR","potentialAction":[{"@type":"ReadAction","target":["https:\/\/domainedetroubat.fr\/index.php\/produit\/prestige-de-troubat-blanc-barrique\/"]}]},{"@type":"ImageObject","inLanguage":"fr-FR","@id":"https:\/\/domainedetroubat.fr\/index.php\/produit\/prestige-de-troubat-blanc-barrique\/#primaryimage","url":"https:\/\/domainedetroubat.fr\/wp-content\/uploads\/2024\/07\/Prestige-Blanc-Troubat.png","contentUrl":"https:\/\/domainedetroubat.fr\/wp-content\/uploads\/2024\/07\/Prestige-Blanc-Troubat.png","width":660,"height":660,"caption":"Prestige Blanc Troubat"},{"@type":"BreadcrumbList","@id":"https:\/\/domainedetroubat.fr\/index.php\/produit\/prestige-de-troubat-blanc-barrique\/#breadcrumb","itemListElement":[{"@type":"ListItem","position":1,"name":"Accueil","item":"https:\/\/domainedetroubat.fr\/"},{"@type":"ListItem","position":2,"name":"Boutique","item":"https:\/\/domainedetroubat.fr\/index.php\/boutique\/"},{"@type":"ListItem","position":3,"name":"Prestige de Troubat &#8211; Blanc Barrique"}]},{"@type":"WebSite","@id":"https:\/\/domainedetroubat.fr\/#website","url":"https:\/\/domainedetroubat.fr\/","name":"Domaine de Troubat","description":"Bordeaux \/ Entre-Deux-Mers \/ Saint-Emilion","publisher":{"@id":"https:\/\/domainedetroubat.fr\/#organization"},"potentialAction":[{"@type":"SearchAction","target":{"@type":"EntryPoint","urlTemplate":"https:\/\/domainedetroubat.fr\/?s={search_term_string}"},"query-input":{"@type":"PropertyValueSpecification","valueRequired":true,"valueName":"search_term_string"}}],"inLanguage":"fr-FR"},{"@type":"Organization","@id":"https:\/\/domainedetroubat.fr\/#organization","name":"Domaine de Troubat","url":"https:\/\/domainedetroubat.fr\/","logo":{"@type":"ImageObject","inLanguage":"fr-FR","@id":"https:\/\/domainedetroubat.fr\/#\/schema\/logo\/image\/","url":"https:\/\/domainedetroubat.fr\/wp-content\/uploads\/2024\/07\/Capture-decran-Avr-6-removebg-preview.png","contentUrl":"https:\/\/domainedetroubat.fr\/wp-content\/uploads\/2024\/07\/Capture-decran-Avr-6-removebg-preview.png","width":280,"height":318,"caption":"Domaine de Troubat"},"image":{"@id":"https:\/\/domainedetroubat.fr\/#\/schema\/logo\/image\/"}}]}},"_links":{"self":[{"href":"https:\/\/domainedetroubat.fr\/index.php\/wp-json\/wp\/v2\/product\/1220","targetHints":{"allow":["GET"]}}],"collection":[{"href":"https:\/\/domainedetroubat.fr\/index.php\/wp-json\/wp\/v2\/product"}],"about":[{"href":"https:\/\/domainedetroubat.fr\/index.php\/wp-json\/wp\/v2\/types\/product"}],"replies":[{"embeddable":true,"href":"https:\/\/domainedetroubat.fr\/index.php\/wp-json\/wp\/v2\/comments?post=1220"}],"wp:featuredmedia":[{"embeddable":true,"href":"https:\/\/domainedetroubat.fr\/index.php\/wp-json\/wp\/v2\/media\/1222"}],"wp:attachment":[{"href":"https:\/\/domainedetroubat.fr\/index.php\/wp-json\/wp\/v2\/media?parent=1220"}],"wp:term":[{"taxonomy":"product_brand","embeddable":true,"href":"https:\/\/domainedetroubat.fr\/index.php\/wp-json\/wp\/v2\/product_brand?post=1220"},{"taxonomy":"product_cat","embeddable":true,"href":"https:\/\/domainedetroubat.fr\/index.php\/wp-json\/wp\/v2\/product_cat?post=1220"},{"taxonomy":"product_tag","embeddable":true,"href":"https:\/\/domainedetroubat.fr\/index.php\/wp-json\/wp\/v2\/product_tag?post=1220"}],"curies":[{"name":"wp","href":"https:\/\/api.w.org\/{rel}","templated":true}]}}